2 - 25/5). What are the prime factors of (175 - -3) + (g - -2)?
173
Let x be ((-162)/4)/((21/14)/(-3)). Let q be (-3 + 1)/((-4)/(-110)). Let n = x + q. List the prime factors of n.
2, 13
Let d(l) = 3334*l**2 + 99*l - 61. List the prime factors of d(3).
2, 15121
Suppose 4*i - 24 = -m, -4*i - 2*m + 15 + 13 = 0. Suppose -7*a + i*a = -124. List the prime factors of a.
2, 31
Suppose -226*j + 232*j - 2004 = 0. Let o = j + 508. List the prime factors of o.
2, 421
Let p(x) = 7*x + 69. Let g be p(-8). Suppose -g*h - 3230 = -18*h. List the prime factors of h.
2, 17, 19
Let x = 59 + -148. Let d(k) = 38*k**2 - 208*k + 4. Let f be d(3). Let q = x - f. List the prime factors of q.
3, 7
Let g be 18*(-228)/(-9) - 1. Suppose -456*s + g*s = -380. List the prime factors of s.
2, 5, 19
Suppose 1044 = 3*z - 0*f - 3*f, -3*f = 12. Suppose 0 = -4*j + z - 1144. Let c = j + 281. List the prime factors of c.
3
Let g be -1*12*((-1)/(-2) + 0). Let n(i) = 7*i + 43. Let b be n(g). What are the prime factors of ((-4)/(-6))/((-112)/114 + b)?
2, 19
Suppose 0 = -10*c + 3324 + 19796. What are the prime factors of c?
2, 17
Let r(k) = 8*k**2 - 65*k + 148. Let x(w) = -7*w**2 + 65*w - 151. Let g(q) = -4*r(q) - 5*x(q). What are the prime factors of g(24)?
331
Let w = -3702 + 14781. List the prime factors of w.
3, 1231
Suppose 21*v - 68*v + 59681 = -244. List the prime factors of v.
3, 5, 17
Suppose 0 = -6*d + 8*d - 14. Let i(u) = -u - 6. Let g be i(d). List the prime factors of (1 + -8)*g + -5 + 1.
3, 29
Let t(h) = 385*h**3 + 5*h**2 - 6*h + 1. Suppose -5*y = 2*m - 5, -2*y - 3*m + 2 = -0*y. What are the prime factors of t(y)?
5, 7, 11
Suppose 0 = -14*q + 36 + 20. Suppose q*p + 3*n = 3611, 572 = p + 3*n - 333. What are the prime factors of p?
2, 11, 41
Suppose 0 = -b - 2*q + 8, -3*b + 4 = q + q. Let a(p) = -5 + 3290*p**2 - 2*p**3 + p + 0*p - 5*p - 3290*p**2. What are the prime factors of a(b)?
19
Let x(f) = 24*f**2 + 63*f + 195. What are the prime factors of x(23)?
2, 3, 5, 239
List the prime factors of 87219*(-20)/(-540)*6.
2, 11, 881
Let n = 418 - 406. Suppose -4*k = -0*k - n, 3*k = -x + 536. List the prime factors of x.
17, 31
Suppose 5*t = 2*d + 16071, -t - 235*d + 3225 = -239*d. List the prime factors of t.
3, 7, 17
Let u(w) = -68*w - 4. Let x be u(1). Suppose 7*m + 70 = -0*m. List the prime factors of m/25 - x/5.
2, 7
Let x(a) be the first derivative of -a**4/4 + 17*a**3/3 - a**2 + 2*a + 115. What are the prime factors of x(16)?
2, 113
Suppose -21*k + 332 = -17*k. Let w = 77 + k. Let z = w + -58. What are the prime factors of z?
2, 3, 17
Suppose 2*m + m = -81. Suppose -2*d + 6 = 0, 0*z - 5*d + 33 = -3*z. List the prime factors of z/(-27) - 1344/m.
2, 5
Suppose 5*h = -0*x + 3*x - 5, -5*h - 2*x = 30. Let r be h/5 - 18/15. What are the prime factors of ((-2)/(-2))/(r/(-114))?
3, 19
Let b(g) = 14*g - 62. Let c be (225/100)/(1 - (-26)/(-32)). List the prime factors of b(c).
2, 53
Suppose 5*i + 37 = -338. Let z be (120/i)/(4/(-30)). What are the prime factors of 17/3 - (32/z)/(-8)?
2, 3
Let q = -8325 - -14637. Suppose q + 1713 = 5*j. List the prime factors of j.
3, 5, 107
Let i = 339 + -316. Suppose -i*y - 2685 = -28*y. List the prime factors of y.
3, 179
Let f(l) = -l**3 + 7*l**2 - l + 10. Let y be f(7). Let g(n) = 12*n**3 - 3*n**2 + 2*n + 5. What are the prime factors of g(y)?
2, 7, 11
List the prime factors of 54/(12 - 3) - -3287.
37, 89
Let n = -45 + 60. Suppose -8 = -19*b + n*b. List the prime factors of -2*b - (-6 - 87).
89
Let k = 2231 - 3203. Let r = 1934 + k. List the prime factors of r.
2, 13, 37
Let n(c) = 393*c - 86. Let x be n(-7). Let i = x - -4357. List the prime factors of i.
2, 5, 19
Let i = 27325 - -14092. What are the prime factors of i?
83, 499
Let w = 41 + -39. Let v(h) = 31 - 19 - 19 + w*h + 14*h. List the prime factors of v(4).
3, 19
Let u(r) = -r**2 + 4*r + 45. Let g be u(9). What are the prime factors of g + (-420 - -2)/(-1)?
2, 11, 19
Let g(n) = 72*n**2 - n - 22. Let i(v) = -v**3 - 39*v**2 + 81*v - 44. Let y be i(-41). List the prime factors of g(y).
17, 37
Let u = 10678 + -5441. List the prime factors of u.
5237
Suppose 0 = 3*r + 5*t + 3527, -3*r + 3*t = -5*r - 2353. Let f = -244 - r. List the prime factors of f.
2, 5, 47
Suppose 2*b - 3*q = 34954, -q - 52438 = 69*b - 72*b. List the prime factors of b.
2, 5, 19, 23
Let n be (147/28)/7*1868. Suppose 4*c - c = n. What are the prime factors of c?
467
Let c(u) = 126*u - 706. List the prime factors of c(47).
2, 163
Suppose 4*v - 3*s - 20996 = 0, -v = 25*s - 24*s - 5249. List the prime factors of v.
29, 181
Let g(j) = 13*j + 42. Let p(q) = 38*q + 126. Let h(m) = 14*g(m) - 5*p(m). Let w be h(-6). Suppose 0 = -2*d + w*d - 192. List the prime factors of d.
2, 3
Let q(c) = 123*c**3 - c**2 - 2*c + 3. Let y(w) = -3*w**3 - w**2 + 5*w + 5. Let d be y(-2). Let v = d - 14. List the prime factors of q(v).
3, 41
List the prime factors of (-680912)/(-24)*(-9)/(-6).
42557
Suppose 3539*c = 3534*c + 34295. List the prime factors of c.
19
Let d(r) be the third derivative of 71*r**5/12 - r**3/6 + 37*r**2. Let z be d(1). Suppose 4*p - z = 146. What are the prime factors of p?
5
Let u(j) = -839*j**3 + 15*j**2 + 47*j + 6. What are the prime factors of u(-3)?
3, 839
Suppose -4012686 = -135*n - 36*n. What are the prime factors of n?
2, 3, 3911
Let i = 34 - 58. Let j = -22 - i. List the prime factors of (1 + -37 - j)*-2.
2, 19
Suppose c + 7*c = -37368. What are the prime factors of (c/(-4))/3 - 27/(-36)?
2, 3, 5, 13
Suppose -4*a + 71 = 4*w + a, 4*a = -5*w + 91. Suppose w = -k + 121. Suppose 2*l - k = 66. What are the prime factors of l?
2, 3, 7
Let a(g) = 3 - 163*g**2 + 31*g - 56*g + 568*g**2 + 27*g. List the prime factors of a(-1).
2, 7, 29
Let d be 2511 - 7*12*5/70. Suppose 0 = -h + 2*a - a + 842, -4*a = 3*h - d. What are the prime factors of h?
839
List the prime factors of ((-60)/14)/(45/(-97230)).
2, 5, 463
What are the prime factors of (-24)/(-4) + 10670/(-44)*-26?
6311
Suppose -3*c = 3*p + 9, 0 + 9 = -2*c - 5*p. Let z be c/(-6) - (-30)/18. Suppose z*b + 292 = 6*b. List the prime factors of b.
73
Let s be (0 - 15/12)/((-2)/(-16)). Let b = s + 10. Suppose b = -3*h + y + 604, -5*y = 5*h - 8*y - 1000. List the prime factors of h.
7, 29
Let q = 12 - -4. Let v(z) = 4 + 21*z + 18*z - 57*z + 16*z + 34. List the prime factors of v(q).
2, 3
Suppose 57711 = 3*a - 2*y - 40987, -3*a - 5*y = -98684. What are the prime factors of a?
2, 3, 5483
Let b = 47 - 47. Suppose b = 2*x + 17 - 53. Suppose z - x - 128 = 0. What are the prime factors of z?
2, 73
Let q(n) be the first derivative of -n**4/4 + n**3 - 2*n**2 - 14. Let m be q(2). Let u(d) = -8*d + 2. List the prime factors of u(m).
2, 17
Suppose o + 1 = 0, -3*o = g + 2 - 4. Suppose -g*d - 40 = -5*c, -5*c + 17 + 11 = -d. Suppose c*h = -171 + 621. What are the prime factors of h?
2, 3, 5
Let n = 5813 - -4209. What are the prime factors of n?
2, 5011
Let y = 337 - 333. Suppose -5*i + y*i + 738 = 5*g, 0 = 4*i - 2*g - 2974. List the prime factors of i.
743
Let q(i) = 3*i - 32. Let k be q(12). List the prime factors of (k/(-6))/(4 + (-4780)/1194).
199
Suppose 0 = 37*g - 34*g + 90. List the prime factors of 576/(-90)*(g - (1 - 1)).
2, 3
Let b(t) = 293*t + 236. Let w be b(-9). Let d = w + 3787. What are the prime factors of d?
2, 3, 7, 11
Let w(n) = n**3 + 17*n**2 + 20*n + 52. Let g be w(-16). What are the prime factors of 562*(10 - 0)*(-3)/g?
5, 281
Let k(x) = -4*x - 16. Let r(d) = d. Let c(p) = 2*k(p) + 18*r(p). Let b be c(14). Suppose -5*y + 650 = 2*z + 102, -y + b = 2*z. List the prime factors of y.
2, 5, 11
Let f(n) = 136*n + 69. Suppose 5*j + 20 = 0, 5*y + 6*j - 5*j - 31 = 0. What are the prime factors of f(y)?
1021
Let l(i) = 42*i**3 - 3*i**2 + 8*i - 16. Let m(v) = -84*v**3 + 7*v**2 - 15*v + 32. Let n(y) = 7*l(y) + 3*m(y). What are the prime factors of n(2)?
2, 3, 19
What are the prime factors of (-6110)/(-2350) + 431264/10?
17, 43, 59
Let u(a) = -690*a**3 + a**2 + 6*a. Let i be u(-2). Suppose 41*g - i = 33*g. List the prime factors of g.
13, 53
Let q = 82 - 47. Suppose 0 = -4*r - q - 1. List the prime factors of (6/r)/((-2)/96).
2
Let a(t) = 3*t + 17. Let j be a(-9). Let o be 4/10 + (-96)/j. Suppose -o*d + 168 = -4*d. List the prime factors of d.
2, 7
Suppose 0 = 10*u + s - 209552, -3*u - 44*